
0
What is the value of (4 - 2 - 2) + 5?
5
Evaluate (-1 - -5) + -4 + (2 - -2).
4
What is -6 - (-5 - (-1 - -2))?
0
Calculate (5 - 12) + 2 + 4.
-1
Calculate (-8 - (5 - (3 - -3))) + 2.
-5
Evaluate 10 - 5 - -5 - 5.
5
What is the value of -2 + -6 + 7 - -5?
4
Calculate (-3 + 5 - 5) + 1.
-2
What is 4 - (5 + 0 + -9 - -5)?
3
What is the value of (-2 - (4 - 14)) + -3 - 4?
1
Calculate 9 + (16 - (22 - 8)).
11
What is -8 - (1 - 7) - (-1 - -3)?
-4
(0 - 0) + (-1 - 1) + 3
1
-1 - (9 - 4) - -11
5
What is 5 + (-1 - (-1 - -4)) - 6?
-5
(1 - (-1 - -4)) + -17 + 16
-3
Evaluate (-10 + (-6 - -11) - 3) + 3.
-5
Evaluate (1 - (7 - 0)) + (-4 - -5).
-5
Evaluate (-6 - -16) + -2 + -1.
7
Calculate -1 + 5 + 5 + 5 + -8.
6
What is the value of 4 + (-13 - 1) - (0 - 3)?
-7
(-6 - -1) + 3 + -17 + 13
-6
What is -1 + 0 - -10 - 4?
5
Evaluate -21 + 20 + 2 + 1.
2
Evaluate (1 - -8) + -6 + -8.
-5
What is the value of 5 - (-2 + (2 - 0))?
5
Calculate 0 + -2 + 4 + -1 + 8.
9
Evaluate (-20 - -4 - -8) + 8.
0
What is (-1 - 3) + 2 + 3?
1
Calculate 6 + (0 - 1) + (-16 - -9).
-2
Evaluate 2 + (2 - 4) + -2.
-2
Evaluate -9 - (-10 + 2) - -5.
4
Evaluate 4 + (-1 - ((-7 - -1) + 6)).
3
What is -5 + 0 + -271 + 265?
-11
Calculate -1 + 6 + (-16 - (-17 - 1)).
7
Evaluate (1 + -4 - 0) + (1 - -1).
-1
(2 - -3) + 1 + (-2 - 3)
1
7 - (11 - (-8 - -13))
1
Calculate 6 + 0 - (-1 + 2 + 3).
2
What is (-2 + -5 - -3) + 3 + -1?
-2
Evaluate 3 + -5 + -10 + 6 + 5.
-1
10 + (1 - 11) + 7
7
Calculate 5 - (4 - 4) - 1.
4
What is the value of -4 + 2 - -2 - (0 - -1)?
-1
What is 6 + -7 + 4 - (-3 - -10)?
-4
What is 3 + 0 - (-7 - -7 - 3)?
6
What is 2 + -2 + (2 - 0)?
2
Calculate -1 + -3 + (5 - -3).
4
Evaluate 0 - 1 - (3 + -1).
-3
What is the value of 4 + (-8 - -6 - -2)?
4
-1 + (3 + -4 - -2) + 1
1
10 + (-7 - 4) + 3
2
Calculate -5 + 6 + -7 - -1.
-5
What is the value of 3 + (-6 + 0 - -4)?
1
What is the value of -1 + -6 + 6 + (0 - 1)?
-2
What is (-9 + -2 - (-5 - -2)) + 3?
-5
What is the value of -2 - (2 - (0 - 0))?
-4
(-6 - -11 - 3) + (-7 - -1)
-4
10 - (8 + -6 + 5)
3
Evaluate -3 - (1 + -3) - (0 - 2).
1
What is the value of 0 - 6 - (-80 - -80)?
-6
What is 1 + 3 + -5 + 0?
-1
What is the value of (-7 - -10) + 4 + -2?
5
What is -7 + 7 + (3 + -1 - -4)?
6
What is the value of 5 + -2 + (-5 - -6)?
4
What is (0 - -1) + (6 - 7) + -4?
-4
What is -4 + (2 - (-6 + 9))?
-5
What is (18 - 3) + -35 + 13?
-7
What is the value of 0 - (0 + 1 + -2) - 5?
-4
(1 - (0 + 0)) + 21 + -21
1
94 - 99 - (-7 - 1)
3
1 + 18 + -9 - 8
2
What is the value of 1 + (5 - 4) + -5?
-3
What is (-1 - -3) + -5 - (6 + -8)?
-1
Calculate -1 + -2 + -8 + 12 - 0.
1
19 + -9 + (-16 - -10)
4
Evaluate -5 - (4 + -1 + -3 + -3).
-2
Evaluate 0 - (3 + 0) - (-1 - 0).
-2
(0 - (3 - 7)) + -3
1
Evaluate 1 + (7 + 2 - 12).
-2
-6 + 3 + (-14 - -9 - -11)
3
Evaluate 6 + 1 + -135 + 120.
-8
Calculate 7 - (8 - 3 - 1) - 9.
-6
Evaluate -7 - -2 - ((1 - 6) + -1).
1
What is (-6 - (3 + -7)) + 5 + -4?
-1
What is the value of -2 + (-18 + 19 - (-5 - 0))?
4
(-4 - -3) + -9 + 4
-6
-34 + 31 - (-2 + 1 + -2)
0
Calculate 1 + 0 + -4 + 3 + -1.
-1
Calculate -6 + 5 - (-7 - -3).
3
What is the value of (7 - 3) + (0 - 0)?
4
What is 10 + 5 + 0 + -14?
1
(-1 - 1) + (18 - 18)
-2
(5 - (6 - -5)) + 7 + 3
4
2 - (-4 + 1 + 8)
-3
Evaluate 21 - 24 - (0 - 0).
-3
0 + (5 - 2 - 3) - 9
-9
What is 9 + -4 + 11 + -12?
4
Calculate -29 + 21 + 1 - (1 - 14).
6
-3 + (12 - 19 - -1)
-9
Calculate -1 - -1 - (5 + 1 + -1).
-5
Calculate -4 + -7 + 9 + 8 + -1.
5
What is the value of 4 - (1 + 1) - (3 + -1)?
0
Evaluate 0 - (-2 + 1) - 5 - 0.
-4
Evaluate (1 - (-8 + 5 - -2)) + -4.
-2
What is the value of (13 - (1 - -9)) + -4?
-1
What is the value of -1 + (-2 + 2 - -1) - 5?
-5
What is the value of -3 - (8 + (-4 - 3))?
-4
What is (3 - 7 - -7) + 1 + -9?
-5
Calculate -2 + -2 - (2 - 5).
-1
Evaluate 2 + -1 + (-34 - -30).
-3
(13 - 7) + -12 + (-2 - -1)
-7
What is -7 + (1 - (4 + -5))?
-5
-1 + -4 + 4 - -5 - 6
-2
Evaluate (-16 - -10) + -4 + 14.
4
What is the value of (-6 - 2) + 7 + -5?
-6
What is the value of (-17 - -16) + (-3 - 2 - -3)?
-3
What is 1 + 9 + -10 - -1?
1
-3 + 0 + 1 + -1 + 1
-2
What is the value of 3 - 1 - 6 - (14 + -10)?
-8
Calculate (-2 - 0) + 0 - -5.
3
(-3 - 0 - -4) + -3
-2
(-2 - -5) + -2 + (8 - 4)
5
What is the value of 0 - 1 - (1 + -6)?
4
Calculate (6 - 3 - 3) + 1 + 2.
3
Evaluate -4 + -5 + (8 - 1).
-2
Calculate 4 - (0 - -2) - (-11 - -9).
4
(-1 - 0) + (-3 - -6)
2
Calculate -2 + -1 - (12 + -14).
-1
(-5 + 9 - 2 - 1) + -6
-5
Calculate -2 + -3 - (-3 + -6).
4
Evaluate 2 - -2 - (-34 - -38).
0
What is -4 - -5 - -2 - (11 + -3)?
-5
What is the value of 0 + -1 - (-1 + 2)?
-2
-9 - -8 - (-4 - 2)
5
Evaluate -2 - -3 - (4 - (4 + -1)).
0
3 + -4 + 1 + -2 + 4
2
Calculate 4 - (15 + (-12 - -1)).
0
5 - 0 - (3 + (-2 - 2))
6
What is the value of (-5 - (-2 - -1)) + 4?
0
Calculate (-69 - -68) + 7 + 1.
7
Calculate 1 + -2 - 2 - -2.
-1
Calculate 1 + 1 + (-6 - (2 + -4)).
-2
-6 + 11 - -1 - (0 + 2)
4
What is -5 + (22 - (8 + -2)) - 4?
7
Calculate 3 - (-1 + 7) - (-3 + 1).
-1
Calculate 0 + 0 + -2 + 1.
-1
What is the value of -2 - (-10 - (-9 - -2))?
1
Evaluate 8 + 2 + -2 + -4.
4
-40 - -40 - (2 - (-7 - -2))
-7
-1 + -4 + (14 - 5)
4
What is 5 + 2 + -4 - (-15 + 21)?
-3
Calculate -1 + -4 + 2 + -12 + 10.
-5
What is the value of 10 + (-5 - (-1 - -1))?
5
What is -1 + 2 + 2 - 4?
-1
What is 3 + (3 - 6) + -1 + -3?
-4
Calculate 0 - (0 + 5) - (-41 - -39).
-3
Calculate -252 - -253 - (1 + -1 - 2).
3
Calculate 0 + (-12 - (-13 + (6 - 0))).
-5
What is -8 - (-6 + (7 - 5))?
-4
Evaluate (1 - 2) + (1 - 0 - 3).
-3
What is the value of (-1 - (-4 + 3)) + -2?
-2
Evaluate 6 - -4 - -1 - 4.
7
What is the value of 0 - -4 - (-8 - (0 + -8))?
4
Evaluate -24 + 6 + 8 - -5.
-5
Calculate -4 + 0 + -4 + 5 + 2.
-1
What is the value of (3 - 11) + (3 - -4) + 1?
0
9 + -5 + -5 + 8
7
Calculate 2 - -4 - (-3 + 2) - -1.
8
Evaluate -18 + 7 - -7 - (0 + -4).
0
What is the value of 8 + -1 + -2 + -3 - 5?
-3
Evaluate -3 + (5 + -3 - 3) - 0.
-4
Evaluate 7 - (-2 - 0) - (-3 - -8).
4
Evaluate -1 - -6 - (104 - 106).
7
-2 + 0 + 8 + (-2 - 3)
1
Calculate (-6 - -2) + -3 + 11 + -3.
1
Evaluate (-7 - -2) + (15 - 2).
8
Calculate 2 - 2 - (19 - 16) - 5.
-8
6 + (-14 - -1) + 1
-6
What is the value of -11 + -6 + 5 + 13?
1
What is (-9 - -1) + -1 + -128 + 132?
-5
What is the value of -2 + 0 + 0 + -1 - -1?
-2
What is the value of -3 + (-6 - (-8 - 7)) + -7?
-1
Evaluate -6 + -12 + 19 + (-2 - -1).
0
What is the value of -25 + 6 + 6 - -7?
-6
6 - ((-5 - -1) + 1)
9
-4 - (-5 + 3 + -3 + 0)
1
What is (11 + -4 - 12) + 5?
0
Calculate -2 - 0 - (3 - -2) - -13.
6
Evaluate 5 + -11 - -11 - 4.
1
Evaluate 2 - (-5 - (-13 - -8)).
2
What is the value of 1 + (-3 + 2 + -6 - -6)?
0
-17 + 22 + -2 + -3
0
What is the value of -7 + 1 - (4 + (-3 - 4))?
-3
-4 + (4 - (1 + -4 + 3))
0
8 + (11 - 3) - 12
4
Calculate -4 + 9 - 2 - (5 + -1).
-1
Evaluate -9 - (-2 - 4 - (-1 + -1)).
-5
What is -6 - (1 + (2 - 6))?
-3
Calculate 5 - (-9 + 5 - -2 - -11).
-4
5 - 2 - (-1 + 8)
-4
(1 - 7) + (-9 - -3 - -7)
-5
What is the value of 3 + (-6 - 0) + 3?
0
What is the value of (2 - -2) + (0 - 0) + -4?
0
(6 - 0) + (-4 - -2)
4
Calculate 3 - (10 - 6 - 0).
-1
12 + 1 + -6 - 7
0
What is (-13 - (-2 - (6 + -3))) + 2?
-6
2 + (4 + -2 + 2 - 1)
5
(0 - -1) + 0 + -8 + 8
1
-3 + 2 - (-3 + 7)
-5
Calculate 0 + (0 - 2 - (21 - 18)).
-5
What is (0 - -3) + -10 + 2?
-5
0 + 1 + (1 - -5 - 9)
-2
2 - (1 + 2 - (5 + -6))
-2
((0 - -1) + 0 - 0) + 1
2
Calculate -2 + -9 - (2 - 10).
-3
Calculate (-4 - 0) + 9 + -2.
3
Calculate -1 + 0 + 3 + 4 + -1.
5
(-2 - -2) + -1 - (1 - 0)
-2
Calculate 1 - 2 - (6 - (-4 - -10)).
-1
Evaluate 5 - 8 - (1 + (-3 - -3)).
-4
What is (1 - (-6 + 5)) + -2 - -11?
11
Evaluate -3 - -2 - (-2 - (-2 - 0)).
-1
What is the value of -10 + 12 - (-2 + (1 - 1))?
4
Evaluate 3 + 0 - (-1 + 0).
4
Calculate -1 + -3 + -9 + 6 + 17.
10
What is (1 - (0 - 7)) + (2 - 6)?
4
4 + (-26 - -18 - (-6 + 0))
2
What is 1 + 1 + 1 + 1?
4
Calculate (-3 - 1) + -8 + 1 + 6.
-5
(0 - -3) + 0 - (1 + 3)
-1
Evaluate 1 + 5 - (78 + -79).
7
What is the value of (-6 + 11 - (-1 + -1)) + -2?
5
2 - (-6 - -3) - 2
3
1 + -5 + (3 - 3 - -2)
-2
What is the value of 1 + -6 + -1 + 5 + 0?
-1
What is the value of (4 - 9) + (0 - -4)?
-1
What is 5 + (-10 - (-7 + (-2 - -5)))?
-1
(1 - 5) + 4 + -9 + 6
-3
Evaluate 8 - 7 - (-2 + -1 - -4).
0
What is the value of -1 + (-5 + 3 - -6)?
3
1 + -5 + (-1 - -5)
0
Calculate -